5
Calculate the remainder when 114 is divided by 52.
10
What is the remainder when 1439 is divided by 11?
9
Calculate the remainder when 173 is divided by 57.
2
Calculate the remainder when 13199 is divided by 11.
10
What is the remainder when 733 is divided by 46?
43
What is the remainder when 252 is divided by 44?
32
Calculate the remainder when 4633 is divided by 9.
7
What is the remainder when 103 is divided by 55?
48
Calculate the remainder when 121 is divided by 19.
7
What is the remainder when 3913 is divided by 261?
259
Calculate the remainder when 1412 is divided by 235.
2
Calculate the remainder when 599 is divided by 36.
23
Calculate the remainder when 196 is divided by 9.
7
Calculate the remainder when 458 is divided by 453.
5
What is the remainder when 44674 is divided by 306?
304
Calculate the remainder when 183 is divided by 181.
2
Calculate the remainder when 796 is divided by 54.
40
What is the remainder when 277 is divided by 143?
134
Calculate the remainder when 1589 is divided by 389.
33
Calculate the remainder when 2789 is divided by 10.
9
What is the remainder when 938 is divided by 22?
14
What is the remainder when 1208 is divided by 39?
38
What is the remainder when 416 is divided by 61?
50
Calculate the remainder when 351 is divided by 43.
7
Calculate the remainder when 1220 is divided by 153.
149
Calculate the remainder when 164 is divided by 26.
8
What is the remainder when 209 is divided by 102?
5
Calculate the remainder when 365 is divided by 206.
159
Calculate the remainder when 50 is divided by 26.
24
Calculate the remainder when 330 is divided by 192.
138
Calculate the remainder when 82 is divided by 14.
12
What is the remainder when 303 is divided by 82?
57
What is the remainder when 437 is divided by 32?
21
What is the remainder when 233 is divided by 47?
45
Calculate the remainder when 181 is divided by 50.
31
Calculate the remainder when 3659 is divided by 6.
5
Calculate the remainder when 802 is divided by 213.
163
Calculate the remainder when 919 is divided by 73.
43
Calculate the remainder when 1441 is divided by 121.
110
Calculate the remainder when 259 is divided by 75.
34
What is the remainder when 166 is divided by 13?
10
What is the remainder when 133 is divided by 70?
63
Calculate the remainder when 244 is divided by 89.
66
What is the remainder when 550 is divided by 127?
42
What is the remainder when 4740 is divided by 9?
6
Calculate the remainder when 2225 is divided by 28.
13
Calculate the remainder when 86 is divided by 41.
4
What is the remainder when 3464 is divided by 9?
8
Calculate the remainder when 662 is divided by 19.
16
Calculate the remainder when 665 is divided by 332.
1
What is the remainder when 361 is divided by 7?
4
Calculate the remainder when 808 is divided by 135.
133
Calculate the remainder when 957 is divided by 242.
231
What is the remainder when 151 is divided by 11?
8
Calculate the remainder when 140 is divided by 35.
0
Calculate the remainder when 537 is divided by 49.
47
What is the remainder when 347 is divided by 81?
23
Calculate the remainder when 7953 is divided by 8.
1
Calculate the remainder when 496 is divided by 50.
46
Calculate the remainder when 7916 is divided by 59.
10
Calculate the remainder when 162 is divided by 19.
10
Calculate the remainder when 336 is divided by 96.
48
Calculate the remainder when 62 is divided by 25.
12
Calculate the remainder when 683 is divided by 4.
3
Calculate the remainder when 2456 is divided by 30.
26
Calculate the remainder when 1792 is divided by 78.
76
Calculate the remainder when 67 is divided by 36.
31
What is the remainder when 533 is divided by 175?
8
What is the remainder when 41 is divided by 3?
2
What is the remainder when 4119 is divided by 5?
4
What is the remainder when 584 is divided by 119?
108
Calculate the remainder when 1238 is divided by 17.
14
What is the remainder when 3429 is divided by 342?
9
What is the remainder when 7518 is divided by 16?
14
Calculate the remainder when 1535 is divided by 477.
104
What is the remainder when 186 is divided by 27?
24
Calculate the remainder when 1441 is divided by 76.
73
What is the remainder when 454 is divided by 92?
86
Calculate the remainder when 203 is divided by 12.
11
What is the remainder when 834 is divided by 38?
36
What is the remainder when 2106 is divided by 62?
60
Calculate the remainder when 773 is divided by 430.
343
Calculate the remainder when 236 is divided by 49.
40
Calculate the remainder when 559 is divided by 35.
34
What is the remainder when 3373 is divided by 75?
73
What is the remainder when 1071 is divided by 264?
15
Calculate the remainder when 1321 is divided by 53.
49
What is the remainder when 559 is divided by 51?
49
What is the remainder when 173 is divided by 64?
45
Calculate the remainder when 68 is divided by 10.
8
What is the remainder when 1374 is divided by 32?
30
What is the remainder when 1627 is divided by 48?
43
What is the remainder when 26 is divided by 6?
2
Calculate the remainder when 365 is divided by 56.
29
Calculate the remainder when 311 is divided by 122.
67
What is the remainder when 18539 is divided by 21?
17
Calculate the remainder when 139 is divided by 11.
7
Calculate the remainder when 178 is divided by 18.
16
What is the remainder when 6960 is divided by 31?
16
Calculate the remainder when 271 is divided by 36.
19
Calculate the remainder when 6670 is divided by 8.
6
Calculate the remainder when 79 is divided by 43.
36
What is the remainder when 325 is divided by 158?
9
Calculate the remainder when 91 is divided by 24.
19
What is the remainder when 187 is divided by 92?
3
What is the remainder when 175 is divided by 63?
49
What is the remainder when 2489 is divided by 89?
86
What is the remainder when 474 is divided by 158?
0
Calculate the remainder when 182 is divided by 32.
22
Calculate the remainder when 300 is divided by 300.
0
What is the remainder when 246 is divided by 31?
29
Calculate the remainder when 79 is divided by 16.
15
What is the remainder when 3245 is divided by 112?
109
Calculate the remainder when 32 is divided by 22.
10
Calculate the remainder when 795 is divided by 16.
11
Calculate the remainder when 144 is divided by 93.
51
Calculate the remainder when 331 is divided by 315.
16
Calculate the remainder when 72 is divided by 25.
22
What is the remainder when 51 is divided by 11?
7
Calculate the remainder when 78 is divided by 33.
12
Calculate the remainder when 99 is divided by 38.
23
Calculate the remainder when 494 is divided by 16.
14
Calculate the remainder when 9607 is divided by 9596.
11
What is the remainder when 449 is divided by 6?
5
What is the remainder when 225 is divided by 116?
109
Calculate the remainder when 39 is divided by 5.
4
What is the remainder when 916 is divided by 236?
208
What is the remainder when 907 is divided by 54?
43
What is the remainder when 4420 is divided by 36?
28
What is the remainder when 29 is divided by 15?
14
What is the remainder when 267 is divided by 108?
51
What is the remainder when 233 is divided by 30?
23
Calculate the remainder when 155 is divided by 45.
20
Calculate the remainder when 550 is divided by 112.
102
Calculate the remainder when 65 is divided by 18.
11
Calculate the remainder when 3050 is divided by 113.
112
Calculate the remainder when 267 is divided by 30.
27
What is the remainder when 197 is divided by 50?
47
What is the remainder when 359 is divided by 40?
39
Calculate the remainder when 110 is divided by 104.
6
What is the remainder when 194 is divided by 107?
87
What is the remainder when 359 is divided by 36?
35
What is the remainder when 483 is divided by 22?
21
What is the remainder when 307 is divided by 74?
11
Calculate the remainder when 190 is divided by 68.
54
Calculate the remainder when 538 is divided by 103.
23
Calculate the remainder when 524 is divided by 36.
20
Calculate the remainder when 10975 is divided by 224.
223
Calculate the remainder when 18795 is divided by 13.
10
What is the remainder when 33 is divided by 15?
3
Calculate the remainder when 620 is divided by 89.
86
What is the remainder when 1332 is divided by 112?
100
Calculate the remainder when 1505 is divided by 139.
115
What is the remainder 